{"id":377,"date":"2016-06-27T17:14:09","date_gmt":"2016-06-27T16:14:09","guid":{"rendered":"http:\/\/barbara.pasnet.fr\/?page_id=377"},"modified":"2016-06-27T17:14:09","modified_gmt":"2016-06-27T16:14:09","slug":"terrasse-en-ete-a-trebeurden","status":"publish","type":"page","link":"https:\/\/barbara.pasnet.fr\/?page_id=377","title":{"rendered":"Terrasse en \u00e9t\u00e9 \u00e0 Tr\u00e9beurden"},"content":{"rendered":"<p><a href=\"https:\/\/barbara.pasnet.fr\/wp-content\/uploads\/2014\/10\/P1050229-2.jpg\"><img decoding=\"async\" loading=\"lazy\" class=\"alignnone size-medium wp-image-41\" src=\"https:\/\/barbara.pasnet.fr\/wp-content\/uploads\/2014\/10\/P1050229-2-300x300.jpg\" alt=\"P1050229 2\" width=\"300\" height=\"300\" srcset=\"https:\/\/barbara.pasnet.fr\/wp-content\/uploads\/2014\/10\/P1050229-2-300x300.jpg 300w, https:\/\/barbara.pasnet.fr\/wp-content\/uploads\/2014\/10\/P1050229-2-150x150.jpg 150w, https:\/\/barbara.pasnet.fr\/wp-content\/uploads\/2014\/10\/P1050229-2.jpg 480w\" sizes=\"(max-width: 300px) 100vw, 300px\" \/><\/a><\/p>\n","protected":false},"excerpt":{"rendered":"","protected":false},"author":1,"featured_media":0,"parent":0,"menu_order":0,"comment_status":"open","ping_status":"open","template":"","meta":[],"_links":{"self":[{"href":"https:\/\/barbara.pasnet.fr\/index.php?rest_route=\/wp\/v2\/pages\/377"}],"collection":[{"href":"https:\/\/barbara.pasnet.fr\/index.php?rest_route=\/wp\/v2\/pages"}],"about":[{"href":"https:\/\/barbara.pasnet.fr\/index.php?rest_route=\/wp\/v2\/types\/page"}],"author":[{"embeddable":true,"href":"https:\/\/barbara.pasnet.fr\/index.php?rest_route=\/wp\/v2\/users\/1"}],"replies":[{"embeddable":true,"href":"https:\/\/barbara.pasnet.fr\/index.php?rest_route=%2Fwp%2Fv2%2Fcomments&post=377"}],"version-history":[{"count":1,"href":"https:\/\/barbara.pasnet.fr\/index.php?rest_route=\/wp\/v2\/pages\/377\/revisions"}],"predecessor-version":[{"id":379,"href":"https:\/\/barbara.pasnet.fr\/index.php?rest_route=\/wp\/v2\/pages\/377\/revisions\/379"}],"wp:attachment":[{"href":"https:\/\/barbara.pasnet.fr\/index.php?rest_route=%2Fwp%2Fv2%2Fmedia&parent=377"}],"curies":[{"name":"wp","href":"https:\/\/api.w.org\/{rel}","templated":true}]}}

Terrasse en été à Trébeurden
